{"id":13389,"date":"2024-09-24T09:44:12","date_gmt":"2024-09-24T09:44:12","guid":{"rendered":"https:\/\/dinteriors.cat\/shop\/sin%20categor\u00eda\/myapple\/"},"modified":"2024-09-24T09:49:46","modified_gmt":"2024-09-24T09:49:46","slug":"myapple","status":"publish","type":"product","link":"https:\/\/dinteriors.cat\/es\/shop\/dsofas-es\/butacas-es\/myapple\/","title":{"rendered":"Myapple"},"content":{"rendered":"<p>Sill\u00f3n de formes curvas. You and me de 175 cm de ancho. Opci\u00f3n sill\u00f3n giratorio. Cojines  decorativos incluidos.<\/p>\n","protected":false},"excerpt":{"rendered":"<p>Sill\u00f3n de formes curvas. You and me de 175 cm de ancho. Opci\u00f3n sill\u00f3n giratorio. Cojines decorativos incluidos.<\/p>\n","protected":false},"featured_media":13388,"template":"","meta":[],"product_brand":[],"product_cat":[62,58],"product_tag":[],"class_list":{"0":"post-13389","1":"product","2":"type-product","3":"status-publish","4":"has-post-thumbnail","6":"product_cat-butacas-es","7":"product_cat-dsofas-es","9":"first","10":"instock","11":"shipping-taxable","12":"product-type-simple"},"aioseo_notices":[],"_links":{"self":[{"href":"https:\/\/dinteriors.cat\/es\/wp-json\/wp\/v2\/product\/13389","targetHints":{"allow":["GET"]}}],"collection":[{"href":"https:\/\/dinteriors.cat\/es\/wp-json\/wp\/v2\/product"}],"about":[{"href":"https:\/\/dinteriors.cat\/es\/wp-json\/wp\/v2\/types\/product"}],"wp:featuredmedia":[{"embeddable":true,"href":"https:\/\/dinteriors.cat\/es\/wp-json\/wp\/v2\/media\/13388"}],"wp:attachment":[{"href":"https:\/\/dinteriors.cat\/es\/wp-json\/wp\/v2\/media?parent=13389"}],"wp:term":[{"taxonomy":"product_brand","embeddable":true,"href":"https:\/\/dinteriors.cat\/es\/wp-json\/wp\/v2\/product_brand?post=13389"},{"taxonomy":"product_cat","embeddable":true,"href":"https:\/\/dinteriors.cat\/es\/wp-json\/wp\/v2\/product_cat?post=13389"},{"taxonomy":"product_tag","embeddable":true,"href":"https:\/\/dinteriors.cat\/es\/wp-json\/wp\/v2\/product_tag?post=13389"}],"curies":[{"name":"wp","href":"https:\/\/api.w.org\/{rel}","templated":true}]}}

https://dinteriors.cat/shop/sin%20categoría/myapple/

<p>Sillón de formes curvas. You and me de 175 cm de ancho. Opción sillón giratorio. Cojines  decorativos incluidos.</p>

<p>Sillón de formes curvas. You and me de 175 cm de ancho. Opción sillón giratorio. Cojines decorativos incluidos.</p>
